71
What are the prime factors of 5846?
2, 37, 79
List the prime factors of 3319.
3319
List the prime factors of 4549.
4549
List the prime factors of 106716.
2, 3, 8893
What are the prime factors of 37657?
37657
List the prime factors of 258.
2, 3, 43
List the prime factors of 80864.
2, 7, 19
What are the prime factors of 103436?
2, 19, 1361
What are the prime factors of 1169?
7, 167
List the prime factors of 871.
13, 67
What are the prime factors of 4007?
4007
List the prime factors of 26083.
26083
What are the prime factors of 960?
2, 3, 5
List the prime factors of 387.
3, 43
What are the prime factors of 52?
2, 13
List the prime factors of 9397.
9397
List the prime factors of 5461.
43, 127
What are the prime factors of 1690?
2, 5, 13
List the prime factors of 39959.
31, 1289
List the prime factors of 46730.
2, 5, 4673
What are the prime factors of 103253?
79, 1307
What are the prime factors of 44498?
2, 19, 1171
List the prime factors of 9075.
3, 5, 11
List the prime factors of 4261.
4261
What are the prime factors of 2226?
2, 3, 7, 53
List the prime factors of 2206.
2, 1103
List the prime factors of 141281.
7, 20183
List the prime factors of 7708.
2, 41, 47
What are the prime factors of 8264?
2, 1033
List the prime factors of 7163.
13, 19, 29
What are the prime factors of 13181?
7, 269
What are the prime factors of 164?
2, 41
What are the prime factors of 83383?
83383
What are the prime factors of 106?
2, 53
List the prime factors of 25166.
2, 12583
List the prime factors of 144.
2, 3
What are the prime factors of 797?
797
List the prime factors of 20006.
2, 7, 1429
What are the prime factors of 426?
2, 3, 71
List the prime factors of 1287.
3, 11, 13
What are the prime factors of 23817?
3, 17, 467
List the prime factors of 87094.
2, 7, 6221
List the prime factors of 378.
2, 3, 7
List the prime factors of 13090.
2, 5, 7, 11, 17
What are the prime factors of 901?
17, 53
What are the prime factors of 4569?
3, 1523
What are the prime factors of 20333?
20333
List the prime factors of 54023.
89, 607
What are the prime factors of 10149?
3, 17, 199
What are the prime factors of 21295?
5, 4259
What are the prime factors of 634?
2, 317
What are the prime factors of 2522?
2, 13, 97
List the prime factors of 58305.
3, 5, 13, 23
What are the prime factors of 15054?
2, 3, 13, 193
List the prime factors of 2007.
3, 223
List the prime factors of 2994.
2, 3, 499
List the prime factors of 943.
23, 41
List the prime factors of 2287.
2287
List the prime factors of 6257.
6257
List the prime factors of 22646.
2, 13, 67
What are the prime factors of 382?
2, 191
List the prime factors of 81965.
5, 13, 97
What are the prime factors of 2448?
2, 3, 17
List the prime factors of 81965.
5, 13, 97
List the prime factors of 3512.
2, 439
List the prime factors of 7445.
5, 1489
What are the prime factors of 14311?
11, 1301
What are the prime factors of 273?
3, 7, 13
What are the prime factors of 283?
283
What are the prime factors of 453?
3, 151
What are the prime factors of 648?
2, 3
What are the prime factors of 2167?
11, 197
List the prime factors of 1069.
1069
List the prime factors of 5649.
3, 7, 269
List the prime factors of 240.
2, 3, 5
List the prime factors of 873.
3, 97
What are the prime factors of 7979?
79, 101
List the prime factors of 15403.
73, 211
What are the prime factors of 1759?
1759
What are the prime factors of 49125?
3, 5, 131
What are the prime factors of 720?
2, 3, 5
What are the prime factors of 7540?
2, 5, 13, 29
List the prime factors of 2812.
2, 19, 37
What are the prime factors of 6168?
2, 3, 257
List the prime factors of 74.
2, 37
What are the prime factors of 45763?
45763
List the prime factors of 815.
5, 163
List the prime factors of 786.
2, 3, 131
What are the prime factors of 17723?
37, 479
List the prime factors of 7213.
7213
What are the prime factors of 36378?
2, 3, 43, 47
List the prime factors of 1624.
2, 7, 29
What are the prime factors of 2773?
47, 59
What are the prime factors of 17631?
3, 653
What are the prime factors of 2784?
2, 3, 29
List the prime factors of 44267.
44267
List the prime factors of 46534.
2, 53, 439
What are the prime factors of 10509?
3, 31, 113
List the prime factors of 497.
7, 71
List the prime factors of 2440.
2, 5, 61
What are the prime factors of 10688?
2, 167
List the prime factors of 2101.
11, 191
List the prime factors of 305.
5, 61
List the prime factors of 93.
3, 31
What are the prime factors of 588?
2, 3, 7
List the prime factors of 7577.
7577
What are the prime factors of 119635?
5, 71, 337
List the prime factors of 155840.
2, 5, 487
What are the prime factors of 32596?
2, 29, 281
What are the prime factors of 80960?
2, 5, 11, 23
List the prime factors of 62.
2, 31
List the prime factors of 83858.
2, 23, 1823
List the prime factors of 1244.
2, 311
List the prime factors of 23742.
2, 3, 1319
List the prime factors of 976.
2, 61
List the prime factors of 893.
19, 47
What are the prime factors of 21525?
3, 5, 7, 41
What are the prime factors of 1849?
43
List the prime factors of 1435.
5, 7, 41
What are the prime factors of 951?
3, 317
What are the prime factors of 385?
5, 7, 11
What are the prime factors of 25?
5
What are the prime factors of 41561?
13, 23, 139
List the prime factors of 1609.
1609
List the prime factors of 59693.
59693
List the prime factors of 83224.
2, 101, 103
List the prime factors of 1835.
5, 367
List the prime factors of 5865.
3, 5, 17, 23
List the prime factors of 1777.
1777
List the prime factors of 27084.
2, 3, 37, 61
What are the prime factors of 108842?
2, 54421
What are the prime factors of 20026?
2, 17, 19, 31
What are the prime factors of 897?
3, 13, 23
List the prime factors of 10346.
2, 7, 739
List the prime factors of 1509.
3, 503
What are the prime factors of 3927?
3, 7, 11, 17
List the prime factors of 1898.
2, 13, 73
List the prime factors of 4064.
2, 127
What are the prime factors of 28567?
7, 11, 53
What are the prime factors of 164?
2, 41
What are the prime factors of 22826?
2, 101, 113
What are the prime factors of 4307?
59, 73
List the prime factors of 4835.
5, 967
What are the prime factors of 2885?
5, 577
List the prime factors of 21330.
2, 3, 5, 79
What are the prime factors of 912?
2, 3, 19
What are the prime factors of 316?
2, 79
List the prime factors of 32268.
2, 3, 2689
What are the prime factors of 3006?
2, 3, 167
What are the prime factors of 16303?
7, 17, 137
List the prime factors of 1618.
2, 809
What are the prime factors of 503?
503
List the prime factors of 1667.
1667
What are the prime factors of 1472?
2, 23
List the prime factors of 100644.
2, 3, 8387
List the prime factors of 166834.
2, 83417
What are the prime factors of 12242?
2, 6121
List the prime factors of 56804.
2, 11, 1291
List the prime factors of 642.
2, 3, 107
What are the prime factors of 71620?
2, 5, 3581
What are the prime factors of 2730?
2, 3, 5, 7, 13
List the prime factors of 116389.
7, 13, 1279
What are the prime factors of 7966?
2, 7, 569
List the prime factors of 69854.
2, 53, 659
What are the prime factors of 13572?
2, 3, 13, 29
What are the prime factors of 30029?
30029
What are the prime factors of 1207?
17, 71
What are the prime factors of 61692?
2, 3, 53, 97
What are the prime factors of 55705?
5, 13, 857
What are the prime factors of 9101?
19, 479
What are the prime factors of 16339?
16339
List the prime factors of 944.
2, 59
List the prime factors of 928.
2, 29
List the prime factors of 1758.
2, 3, 293
List the prime factors of 26589.
3, 8863
List the prime factors of 1234.
2, 617
List the prime factors of 16013.
67, 239
List the prime factors of 13209.
3, 7, 17, 37
List the prime factors of 9652.
2, 19, 127
What are the prime factors of 18414?
2, 3, 11, 31
List the prime factors of 84930.
2, 3, 5, 19, 149
List the prime factors of 63598.
2, 31799
What are the prime factors of 13473?
3, 499
List the prime factors of 149.
149
What are the prime factors of 4745?
5, 13, 73
List the prime factors of 738.
2, 3, 41
List the prime factors of 716.
2, 179
List the prime factors of 5777.
53, 109
What are the prime factors of 57974?
2, 7, 41, 101
What are the prime factors of 83864?
2, 11, 953
List the prime factors of 4487.
7, 641
What are the prime factors of 2168?
2, 2